{"id":1124,"date":"2025-06-14T18:17:39","date_gmt":"2025-06-14T16:17:39","guid":{"rendered":"http:\/\/exhibition-telling.com\/?page_id=1124"},"modified":"2025-11-19T10:09:00","modified_gmt":"2025-11-19T09:09:00","slug":"inspiration","status":"publish","type":"page","link":"http:\/\/exhibition-telling.com\/?page_id=1124","title":{"rendered":"Inspiration"},"content":{"rendered":"\n<p><a href=\"http:\/\/exhibition-telling.com\/?page_id=1128\">Auf Augenh\u00f6he erz\u00e4hlen<\/a><\/p>\n\n\n\n<p><em><a href=\"http:\/\/exhibition-telling.com\/?page_id=1140\">Telling Stories at Eye Level<\/a><\/em><\/p>\n\n\n\n<hr class=\"wp-block-separator has-text-color has-background has-luminous-vivid-orange-background-color has-luminous-vivid-orange-color is-style-wide\"\/>\n\n\n\n<p><a href=\"http:\/\/exhibition-telling.com\/?page_id=1145\">Das breite Publikum<\/a><\/p>\n\n\n\n<p><em><a href=\"http:\/\/exhibition-telling.com\/?page_id=1148\">The Broad Audience<\/a><\/em><\/p>\n\n\n\n<hr class=\"wp-block-separator has-text-color has-background has-luminous-vivid-orange-background-color has-luminous-vivid-orange-color is-style-wide\"\/>\n\n\n\n<p><a href=\"http:\/\/exhibition-telling.com\/?page_id=1153\">Emmentaler <em>reverse<\/em><\/a><\/p>\n\n\n\n<p><em><a href=\"http:\/\/exhibition-telling.com\/?page_id=1156(\u00f6ffnet in neuem Tab)\">Swiss Cheese-but Reversed<\/a><\/em><\/p>\n\n\n\n<hr class=\"wp-block-separator has-text-color has-background has-luminous-vivid-orange-background-color has-luminous-vivid-orange-color is-style-wide\"\/>\n\n\n\n<p><a href=\"http:\/\/exhibition-telling.com\/?page_id=1222\">Mit leichten F\u00fc\u00dfen<\/a><\/p>\n\n\n\n<p><em><a href=\"http:\/\/exhibition-telling.com\/?page_id=1225\">With a Light Step<\/a><\/em><\/p>\n\n\n\n<hr class=\"wp-block-separator has-text-color has-background has-luminous-vivid-orange-background-color has-luminous-vivid-orange-color is-style-wide\"\/>\n\n\n\n<p><a href=\"http:\/\/exhibition-telling.com\/?page_id=1230\">Erz\u00e4hlfluss<\/a><\/p>\n\n\n\n<p><em><a href=\"http:\/\/exhibition-telling.com\/?page_id=1233\">Narrative Flow<\/a><\/em><\/p>\n\n\n\n<hr class=\"wp-block-separator has-text-color has-background has-luminous-vivid-orange-background-color has-luminous-vivid-orange-color is-style-wide\"\/>\n\n\n\n<p><a href=\"http:\/\/exhibition-telling.com\/?page_id=1241\">Spannung \u2013 mild und wild<\/a><\/p>\n\n\n\n<p><em><a href=\"http:\/\/exhibition-telling.com\/?page_id=1238\">Suspense \u2013 Mild and Wild<\/a><\/em><\/p>\n\n\n\n<p class=\"has-small-font-size\">Die englischen Texte wurden mit ChatGPT \u00fcbersetzt, die deutschen ohne jede KI verfasst. \/ <em>The English texts were translated with ChatGPT, while the German ones were written without any AI.<\/em><\/p>\n","protected":false},"excerpt":{"rendered":"<p>Auf Augenh\u00f6he erz\u00e4hlen Telling Stories at Eye Level Das breite Publikum The Broad Audience Emmentaler reverse Swiss Cheese-but Reversed Mit leichten F\u00fc\u00dfen With a Light Step Erz\u00e4hlfluss Narrative Flow Spannung \u2013 mild und wild Suspense \u2013 Mild and Wild Die englischen Texte wurden mit ChatGPT \u00fcbersetzt, die deutschen ohne jede KI verfasst. \/ The English&hellip; <a class=\"more-link\" href=\"http:\/\/exhibition-telling.com\/?page_id=1124\">Weiterlesen <span class=\"screen-reader-text\">Inspiration<\/span> <span class=\"meta-nav\" aria-hidden=\"true\">&rarr;<\/span><\/a><\/p>\n","protected":false},"author":1,"featured_media":0,"parent":0,"menu_order":0,"comment_status":"closed","ping_status":"closed","template":"","meta":[],"_links":{"self":[{"href":"http:\/\/exhibition-telling.com\/index.php?rest_route=\/wp\/v2\/pages\/1124"}],"collection":[{"href":"http:\/\/exhibition-telling.com\/index.php?rest_route=\/wp\/v2\/pages"}],"about":[{"href":"http:\/\/exhibition-telling.com\/index.php?rest_route=\/wp\/v2\/types\/page"}],"author":[{"embeddable":true,"href":"http:\/\/exhibition-telling.com\/index.php?rest_route=\/wp\/v2\/users\/1"}],"replies":[{"embeddable":true,"href":"http:\/\/exhibition-telling.com\/index.php?rest_route=%2Fwp%2Fv2%2Fcomments&post=1124"}],"version-history":[{"count":25,"href":"http:\/\/exhibition-telling.com\/index.php?rest_route=\/wp\/v2\/pages\/1124\/revisions"}],"predecessor-version":[{"id":1246,"href":"http:\/\/exhibition-telling.com\/index.php?rest_route=\/wp\/v2\/pages\/1124\/revisions\/1246"}],"wp:attachment":[{"href":"http:\/\/exhibition-telling.com\/index.php?rest_route=%2Fwp%2Fv2%2Fmedia&parent=1124"}],"curies":[{"name":"wp","href":"https:\/\/api.w.org\/{rel}","templated":true}]}}