{"id":18,"date":"2015-03-19T22:15:06","date_gmt":"2015-03-19T21:15:06","guid":{"rendered":"http:\/\/exhibition-telling.com\/?page_id=18"},"modified":"2025-09-22T13:41:14","modified_gmt":"2025-09-22T11:41:14","slug":"about-me","status":"publish","type":"page","link":"http:\/\/exhibition-telling.com\/","title":{"rendered":"Dr. Ariane Karbe"},"content":{"rendered":"\n<p class=\"has-medium-font-size\"><span class=\"has-inline-color has-luminous-vivid-orange-color\">Ausstellungsdramaturgin \/ Curatorial storyteller<\/span><\/p>\n\n\n\n<div class=\"wp-block-image is-style-default\"><figure class=\"aligncenter size-large\"><a href=\"http:\/\/exhibition-telling.com\/wp-content\/uploads\/2021\/09\/Ariane_Karbe.jpg\"><img loading=\"lazy\" width=\"1024\" height=\"768\" src=\"http:\/\/exhibition-telling.com\/wp-content\/uploads\/2021\/09\/Ariane_Karbe-1024x768.jpg\" alt=\"Portr\u00e4tfoto Ariane Karbe\" class=\"wp-image-673\" srcset=\"http:\/\/exhibition-telling.com\/wp-content\/uploads\/2021\/09\/Ariane_Karbe-1024x768.jpg 1024w, http:\/\/exhibition-telling.com\/wp-content\/uploads\/2021\/09\/Ariane_Karbe-300x225.jpg 300w, http:\/\/exhibition-telling.com\/wp-content\/uploads\/2021\/09\/Ariane_Karbe-768x576.jpg 768w, http:\/\/exhibition-telling.com\/wp-content\/uploads\/2021\/09\/Ariane_Karbe-1536x1152.jpg 1536w, http:\/\/exhibition-telling.com\/wp-content\/uploads\/2021\/09\/Ariane_Karbe-1088x816.jpg 1088w, http:\/\/exhibition-telling.com\/wp-content\/uploads\/2021\/09\/Ariane_Karbe.jpg 2016w\" sizes=\"(max-width: 1024px) 100vw, 1024px\" \/><\/a><\/figure><\/div>\n\n\n\n<p class=\"has-text-align-center\" style=\"font-size:21px\"><strong><span class=\"has-inline-color has-luminous-vivid-orange-color\">NOBODY SHOULD FEEL SMALL IN A MUSEUM<\/span><\/strong><\/p>\n\n\n\n<p>Ausstellungen zu entwickeln wird immer komplexer: knappe Budgets, enge Zeitpl\u00e4ne, vielschichtige Themen, und es gilt, unterschiedliche Interessen, die eigenen Anspr\u00fcche und Aspekte wie Nachhaltigkeit und Inklusion zu beachten. Seht Ihr den Wald vor lauter B\u00e4umen nicht mehr?<\/p>\n\n\n\n<p><em>Developing exhibitions is becoming increasingly complex: tight budgets, strict schedules, multifaceted topics \u2014 all while balancing different interests, high personal standards, and considerations like sustainability and inclusion. Can&#8217;t you see the wood for the trees?.<\/em><\/p>\n\n\n\n<p>Ich unterst\u00fctze Euch dabei, den roten Faden zu finden und die Geschichte zu erz\u00e4hlen, die Ihr <strong>wirklich<\/strong> erz\u00e4hlen wollt. Denn meine Erfahrung zeigt: es ist alles schon da. Manchmal braucht es nur eine Mutmacherin mit frischem Blick von au\u00dfen: eine Ausstellungsdramaturgin. Voil\u00e0: hier bin ich! <\/p>\n\n\n\n<p><em>I\u2019m here to help you find the red thread and tell the story you <em><strong>really<\/strong><\/em> want to tell. In my experience, everything you need is already there \u2014 sometimes it just takes a bit of encouragement and a fresh pair of eyes. That\u2019s where I come in: your exhibition dramaturge with a knack for clarity and storytelling. Voil\u00e0 \u2013 nice to meet you!<\/em><\/p>\n\n\n\n<div class=\"wp-block-image is-style-default\"><figure class=\"alignleft size-full is-resized\"><a href=\"http:\/\/exhibition-telling.com\/wp-content\/uploads\/2025\/05\/IMG_8702.jpeg\"><img loading=\"lazy\" src=\"http:\/\/exhibition-telling.com\/wp-content\/uploads\/2025\/05\/IMG_8702.jpeg\" alt=\"\" class=\"wp-image-1024\" width=\"1916\" height=\"557\" srcset=\"http:\/\/exhibition-telling.com\/wp-content\/uploads\/2025\/05\/IMG_8702.jpeg 2555w, http:\/\/exhibition-telling.com\/wp-content\/uploads\/2025\/05\/IMG_8702-300x87.jpeg 300w, http:\/\/exhibition-telling.com\/wp-content\/uploads\/2025\/05\/IMG_8702-1024x298.jpeg 1024w, http:\/\/exhibition-telling.com\/wp-content\/uploads\/2025\/05\/IMG_8702-768x223.jpeg 768w, http:\/\/exhibition-telling.com\/wp-content\/uploads\/2025\/05\/IMG_8702-1536x447.jpeg 1536w, http:\/\/exhibition-telling.com\/wp-content\/uploads\/2025\/05\/IMG_8702-2048x596.jpeg 2048w, http:\/\/exhibition-telling.com\/wp-content\/uploads\/2025\/05\/IMG_8702-1088x316.jpeg 1088w\" sizes=\"(max-width: 1916px) 100vw, 1916px\" \/><\/a><\/figure><\/div>\n\n\n\n<p>F\u00fcr meine dramaturgische Beratung bringe ich \u00fcber 20 Jahre Erfahrung als Kuratorin mit, die intensive Erforschung des Ausstellungsmediums und einen Koffer voller Drehbuchtechniken. Und meine \u00dcberzeugung, dass Geschichten Museen zu menschlicheren Orten machen k\u00f6nnen. Weil sie nur funktionieren, wenn sie nicht nur die K\u00f6pfe, sondern auch die Herzen erreichen. <\/p>\n\n\n\n<p><em>I bring over 20 years of experience as a curator to my dramaturgical consulting \u2014 along with a deep exploration of the exhibition medium and a toolbox with screenwriting techniques. And above all, the belief that stories can make museums more human. Because stories only truly work when they reach not just the mind, but the heart as well.<\/em><\/p>\n\n\n\n<p class=\"has-pale-cyan-blue-background-color has-background\"><strong>Was ist Ausstellungs-Dramaturgie? <\/strong><br>Die Kunst des Weglassens! Noch ein Unter-Thema, noch ein historisches Detail, noch eine komplizierte Erkl\u00e4rung, noch zehn Objekte&#8230; weglassen! Konzentration auf das Wesentliche, den Kern. Auch der Gedanke &#8222;Was denkt die Fachwelt, denken die Kolleg:innen?&#8220; &#8211; weglassen! Konzentration auf das, was z\u00e4hlt: das Publikum. Welche Geschichte m\u00f6chte ich <strong>wirklich<\/strong> erz\u00e4hlen? Und wie komme ich dahin?<\/p>\n\n\n\n<p class=\"has-background\" style=\"background-color:#f9c637\"><em><strong>What is exhibition dramaturgy?<\/strong><br>The art of omission! One more sub-topic, one more historical detail, one more complicated explanation, ten more objects&#8230; leave them out! Focus on what really matters \u2014 the essence, the core. Even the thought, \u201cWhat will the experts, the colleagues think?\u201d \u2014 leave it out! Focus on what truly counts: the audience. What story do I <strong>truly <\/strong>want to tell? And how do I get there?<\/em><\/p>\n\n\n\n<p class=\"has-text-align-center\">Kontakt\/Contact: info@exhibition-telling.com<\/p>\n\n\n\n<p><\/p>\n","protected":false},"excerpt":{"rendered":"<p>Ausstellungsdramaturgin \/ Curatorial storyteller NOBODY SHOULD FEEL SMALL IN A MUSEUM Ausstellungen zu entwickeln wird immer komplexer: knappe Budgets, enge Zeitpl\u00e4ne, vielschichtige Themen, und es gilt, unterschiedliche Interessen, die eigenen Anspr\u00fcche und Aspekte wie Nachhaltigkeit und Inklusion zu beachten. Seht Ihr den Wald vor lauter B\u00e4umen nicht mehr? Developing exhibitions is becoming increasingly complex: tight&hellip; <a class=\"more-link\" href=\"http:\/\/exhibition-telling.com\/\">Weiterlesen <span class=\"screen-reader-text\">Dr. Ariane Karbe<\/span> <span class=\"meta-nav\" aria-hidden=\"true\">&rarr;<\/span><\/a><\/p>\n","protected":false},"author":1,"featured_media":0,"parent":0,"menu_order":0,"comment_status":"closed","ping_status":"open","template":"","meta":[],"_links":{"self":[{"href":"http:\/\/exhibition-telling.com\/index.php?rest_route=\/wp\/v2\/pages\/18"}],"collection":[{"href":"http:\/\/exhibition-telling.com\/index.php?rest_route=\/wp\/v2\/pages"}],"about":[{"href":"http:\/\/exhibition-telling.com\/index.php?rest_route=\/wp\/v2\/types\/page"}],"author":[{"embeddable":true,"href":"http:\/\/exhibition-telling.com\/index.php?rest_route=\/wp\/v2\/users\/1"}],"replies":[{"embeddable":true,"href":"http:\/\/exhibition-telling.com\/index.php?rest_route=%2Fwp%2Fv2%2Fcomments&post=18"}],"version-history":[{"count":172,"href":"http:\/\/exhibition-telling.com\/index.php?rest_route=\/wp\/v2\/pages\/18\/revisions"}],"predecessor-version":[{"id":1177,"href":"http:\/\/exhibition-telling.com\/index.php?rest_route=\/wp\/v2\/pages\/18\/revisions\/1177"}],"wp:attachment":[{"href":"http:\/\/exhibition-telling.com\/index.php?rest_route=%2Fwp%2Fv2%2Fmedia&parent=18"}],"curies":[{"name":"wp","href":"https:\/\/api.w.org\/{rel}","templated":true}]}}

<p class="has-medium-font-size"><span class="has-inline-color has-luminous-vivid-orange-color">Ausstellungsdramaturgin / Curatorial storyteller</span></p>



<div class="wp-block-image is-style-default"><figure class="aligncenter size-large"><a href="http://exhibition-telling.com/wp-content/uploads/2021/09/Ariane_Karbe.jpg"><img loading="lazy" width="1024" height="768" src="http://exhibition-telling.com/wp-content/uploads/2021/09/Ariane_Karbe-1024x768.jpg" alt="Porträtfoto Ariane Karbe" class="wp-image-673" srcset="http://exhibition-telling.com/wp-content/uploads/2021/09/Ariane_Karbe-1024x768.jpg 1024w, http://exhibition-telling.com/wp-content/uploads/2021/09/Ariane_Karbe-300x225.jpg 300w, http://exhibition-telling.com/wp-content/uploads/2021/09/Ariane_Karbe-768x576.jpg 768w, http://exhibition-telling.com/wp-content/uploads/2021/09/Ariane_Karbe-1536x1152.jpg 1536w, http://exhibition-telling.com/wp-content/uploads/2021/09/Ariane_Karbe-1088x816.jpg 1088w, http://exhibition-telling.com/wp-content/uploads/2021/09/Ariane_Karbe.jpg 2016w" sizes="(max-width: 1024px) 100vw, 1024px" /></a></figure></div>



<p class="has-text-align-center" style="font-size:21px"><strong><span class="has-inline-color has-luminous-vivid-orange-color">NOBODY SHOULD FEEL SMALL IN A MUSEUM</span></strong></p>



<p>Ausstellungen zu entwickeln wird immer komplexer: knappe Budgets, enge Zeitpläne, vielschichtige Themen, und es gilt, unterschiedliche Interessen, die eigenen Ansprüche und Aspekte wie Nachhaltigkeit und Inklusion zu beachten. Seht Ihr den Wald vor lauter Bäumen nicht mehr?</p>



<p><em>Developing exhibitions is becoming increasingly complex: tight budgets, strict schedules, multifaceted topics — all while balancing different interests, high personal standards, and considerations like sustainability and inclusion. Can&#8217;t you see the wood for the trees?.</em></p>



<p>Ich unterstütze Euch dabei, den roten Faden zu finden und die Geschichte zu erzählen, die Ihr <strong>wirklich</strong> erzählen wollt. Denn meine Erfahrung zeigt: es ist alles schon da. Manchmal braucht es nur eine Mutmacherin mit frischem Blick von außen: eine Ausstellungsdramaturgin. Voilà: hier bin ich! </p>



<p><em>I’m here to help you find the red thread and tell the story you <em><strong>really</strong></em> want to tell. In my experience, everything you need is already there — sometimes it just takes a bit of encouragement and a fresh pair of eyes. That’s where I come in: your exhibition dramaturge with a knack for clarity and storytelling. Voilà – nice to meet you!</em></p>



<div class="wp-block-image is-style-default"><figure class="alignleft size-full is-resized"><a href="http://exhibition-telling.com/wp-content/uploads/2025/05/IMG_8702.jpeg"><img loading="lazy" src="http://exhibition-telling.com/wp-content/uploads/2025/05/IMG_8702.jpeg" alt="" class="wp-image-1024" width="1916" height="557" srcset="http://exhibition-telling.com/wp-content/uploads/2025/05/IMG_8702.jpeg 2555w, http://exhibition-telling.com/wp-content/uploads/2025/05/IMG_8702-300x87.jpeg 300w, http://exhibition-telling.com/wp-content/uploads/2025/05/IMG_8702-1024x298.jpeg 1024w, http://exhibition-telling.com/wp-content/uploads/2025/05/IMG_8702-768x223.jpeg 768w, http://exhibition-telling.com/wp-content/uploads/2025/05/IMG_8702-1536x447.jpeg 1536w, http://exhibition-telling.com/wp-content/uploads/2025/05/IMG_8702-2048x596.jpeg 2048w, http://exhibition-telling.com/wp-content/uploads/2025/05/IMG_8702-1088x316.jpeg 1088w" sizes="(max-width: 1916px) 100vw, 1916px" /></a></figure></div>



<p>Für meine dramaturgische Beratung bringe ich über 20 Jahre Erfahrung als Kuratorin mit, die intensive Erforschung des Ausstellungsmediums und einen Koffer voller Drehbuchtechniken. Und meine Überzeugung, dass Geschichten Museen zu menschlicheren Orten machen können. Weil sie nur funktionieren, wenn sie nicht nur die Köpfe, sondern auch die Herzen erreichen. </p>



<p><em>I bring over 20 years of experience as a curator to my dramaturgical consulting — along with a deep exploration of the exhibition medium and a toolbox with screenwriting techniques. And above all, the belief that stories can make museums more human. Because stories only truly work when they reach not just the mind, but the heart as well.</em></p>



<p class="has-pale-cyan-blue-background-color has-background"><strong>Was ist Ausstellungs-Dramaturgie? </strong><br>Die Kunst des Weglassens! Noch ein Unter-Thema, noch ein historisches Detail, noch eine komplizierte Erklärung, noch zehn Objekte&#8230; weglassen! Konzentration auf das Wesentliche, den Kern. Auch der Gedanke &#8222;Was denkt die Fachwelt, denken die Kolleg:innen?&#8220; &#8211; weglassen! Konzentration auf das, was zählt: das Publikum. Welche Geschichte möchte ich <strong>wirklich</strong> erzählen? Und wie komme ich dahin?</p>



<p class="has-background" style="background-color:#f9c637"><em><strong>What is exhibition dramaturgy?</strong><br>The art of omission! One more sub-topic, one more historical detail, one more complicated explanation, ten more objects&#8230; leave them out! Focus on what really matters — the essence, the core. Even the thought, “What will the experts, the colleagues think?” — leave it out! Focus on what truly counts: the audience. What story do I <strong>truly </strong>want to tell? And how do I get there?</em></p>



<p class="has-text-align-center">Kontakt/Contact: info@exhibition-telling.com</p>



<p></p>

<p>Ausstellungsdramaturgin / Curatorial storyteller NOBODY SHOULD FEEL SMALL IN A MUSEUM Ausstellungen zu entwickeln wird immer komplexer: knappe Budgets, enge Zeitpläne, vielschichtige Themen, und es gilt, unterschiedliche Interessen, die eigenen Ansprüche und Aspekte wie Nachhaltigkeit und Inklusion zu beachten. Seht Ihr den Wald vor lauter Bäumen nicht mehr? Developing exhibitions is becoming increasingly complex: tight&hellip; <a class="more-link" href="http://exhibition-telling.com/">Weiterlesen <span class="screen-reader-text">Dr. Ariane Karbe</span> <span class="meta-nav" aria-hidden="true">&rarr;</span></a></p>
