{"id":493,"date":"2021-02-22T12:39:49","date_gmt":"2021-02-22T11:39:49","guid":{"rendered":"http:\/\/exhibition-telling.com\/?page_id=493"},"modified":"2025-06-06T17:12:50","modified_gmt":"2025-06-06T15:12:50","slug":"about-me-2","status":"publish","type":"page","link":"http:\/\/exhibition-telling.com\/?page_id=493","title":{"rendered":"\u00dcber\/About"},"content":{"rendered":"\n<h3 class=\"has-luminous-vivid-orange-color has-text-color\">Dr. Ariane Karbe: Ausstellungsdramaturgin \/ Curatorial storyteller<\/h3>\n\n\n\n<p class=\"has-normal-font-size\">Museen k\u00f6nnen wundervolle Orte sein: inspirierend, irritierend, heilsam. Ich bin \u00fcberzeugt davon: dieser Schatz geh\u00f6rt uns allen! Alle, die kommen wollen, sollen sich willkommen f\u00fchlen. Ausstellungen als Geschichten zu verstehen, ist ein Schl\u00fcssel dazu. Weil Geschichten f\u00fcr ein breites Publikum nur funktionieren, wenn sie auf Augenh\u00f6he erz\u00e4hlt werden, ber\u00fchrend und spannend sind. <\/p>\n\n\n\n<p><em>Museums can be wonderful places: inspiring, thought-provoking, even healing. I firmly believe this treasure belongs to all of us! Everyone who wants to come should feel welcome. Understanding exhibitions as stories is key to this. Because stories only resonate with a broad audience when they are told on equal terms\u2014touching and engaging.<\/em><\/p>\n\n\n\n<p>Ich m\u00f6chte Euch Ausstellungsmacher:innen und Von-Museen-als-inklusivere-Orte-Tr\u00e4umende unterst\u00fctzen, die Geschichten zu erz\u00e4hlen, die Ihr <strong>wirklich<\/strong> erz\u00e4hlen wollt. Mit meiner Beratung nehmt Ihr H\u00fcrde f\u00fcr H\u00fcrde: wie ein Held oder eine Heldin in einem Hollywoodfilm. Ich helfe Euch dabei, den Kern des Themas herauszuarbeiten und diesen Fokus durch den gesamten komplexen Produktionsprozess zu halten. Bis zum letzten Text. Bis zum Happy End. <\/p>\n\n\n\n<p><em>I want to support you &#8211; exhibition makers and dreamers of more inclusive museums<\/em> &#8211;<em> in telling the stories you <strong>truly<\/strong> want to tell. With my guidance, you&#8217;ll overcome hurdle after hurdle\u2014like a hero or  in a Hollywood movie. I\u2019ll help you uncover the core of your topic and maintain that focus throughout the entire complex production process. Right up to the final text. Right up to the happy ending.<\/em><\/p>\n\n\n\n<figure class=\"wp-block-image size-large\"><a href=\"http:\/\/exhibition-telling.com\/wp-content\/uploads\/2023\/02\/Ariane_Karbe_1.jpeg\"><img loading=\"lazy\" width=\"1024\" height=\"768\" src=\"http:\/\/exhibition-telling.com\/wp-content\/uploads\/2023\/02\/Ariane_Karbe_1-1024x768.jpeg\" alt=\"Me reading my book in front of a museum\" class=\"wp-image-768\" srcset=\"http:\/\/exhibition-telling.com\/wp-content\/uploads\/2023\/02\/Ariane_Karbe_1-1024x768.jpeg 1024w, http:\/\/exhibition-telling.com\/wp-content\/uploads\/2023\/02\/Ariane_Karbe_1-300x225.jpeg 300w, http:\/\/exhibition-telling.com\/wp-content\/uploads\/2023\/02\/Ariane_Karbe_1-768x576.jpeg 768w, http:\/\/exhibition-telling.com\/wp-content\/uploads\/2023\/02\/Ariane_Karbe_1-1536x1152.jpeg 1536w, http:\/\/exhibition-telling.com\/wp-content\/uploads\/2023\/02\/Ariane_Karbe_1-1088x816.jpeg 1088w, http:\/\/exhibition-telling.com\/wp-content\/uploads\/2023\/02\/Ariane_Karbe_1.jpeg 1700w\" sizes=\"(max-width: 1024px) 100vw, 1024px\" \/><\/a><\/figure>\n\n\n\n<p class=\"has-black-color has-text-color\">Hier k\u00f6nnt Ihr ein Interview mit mir \u00fcber spannende(re) Ausstellungen h\u00f6ren:<\/p>\n\n\n\n<p class=\"has-black-color has-text-color\"><em>Here&#8217;s an interview (in German) with me where I talk about exciting\u2014and more inclusive\u2014exhibitions:.<\/em><\/p>\n\n\n\n<figure class=\"wp-block-audio aligncenter\"><audio controls src=\"http:\/\/exhibition-telling.com\/wp-content\/uploads\/2023\/06\/RAI_Karbe_Interview_280423-1.mp3\"><\/audio><\/figure>\n\n\n\n<p class=\"has-small-font-size\">Rai S\u00fcdtirol Radiomagazin: Kultur am Freitag vom 28. April 2023 mit Nina Schr\u00f6der; Interview: Elisa Tappeiner<\/p>\n\n\n\n<hr class=\"wp-block-separator has-text-color has-background has-vivid-cyan-blue-background-color has-vivid-cyan-blue-color is-style-wide\"\/>\n\n\n\n<h3 class=\"has-luminous-vivid-orange-color has-text-color\">Bio<\/h3>\n\n\n\n<p>Ich studierte Ethnologie und Komparatistik an der Universit\u00e4t Bayreuth und promovierte in Museumswissenschaften an der University of Leicester. Im Rahmen meiner Dissertation erforschte ich, ob es m\u00f6glich ist, von Hollywood zu lernen, um spannende Ausstellungen zu erz\u00e4hlen. Die Ergebnisse sind im Dezember 2022 als <a href=\"http:\/\/exhibition-telling.com\/?page_id=691\">Buch<\/a> erschienen. <\/p>\n\n\n\n<p><em>I hold an M.A. in Social and Cultural Anthropology (University of Bayreuth) and a PhD in Museum Studies (University of Leicester). My PhD research explored if it is possible to learn from Hollywood in order to narrate suspenseful exhibitions. The results were published as a <a href=\"http:\/\/exhibition-telling.com\/?page_id=691\">book<\/a> in December 2022.<\/em> <\/p>\n\n\n\n<p>An der Filmschule Hamburg-Berlin absolvierte ich eine Ausbildung zur Drehbuchautorin und ich nahm an der Museumsakademie Museion<sup>21<\/sup> teil. Am Universalmuseum Joanneum war ich Gast des Residenz-Programms.<\/p>\n\n\n\n<p><em>I absolved the training as a scriptwriter at the Filmschool Hamburg Berlin and was a fellow at the museum academy Museion<sup>21<\/sup>. I took part in the In-Residence program of the Joanneum Universal Museum.<\/em><\/p>\n\n\n\n<hr class=\"wp-block-separator has-text-color has-background has-vivid-cyan-blue-background-color has-vivid-cyan-blue-color is-style-wide\"\/>\n\n\n\n<p>2014-2019 entwickelte ich das Konzept f\u00fcr die Dauerausstellung eines neuen Museums in S\u00fcdtirol: die <a href=\"https:\/\/www.villafreischuetz.org\/\">Villa Freisch\u00fctz<\/a>. Nun, wo dieses historische Hausmuseum er\u00f6ffnet ist, bin ich f\u00fcr dessen Ausstellungs- und Forschungsprogramm verantwortlich. \u00dcbrigens: Die Villa Freisch\u00fctz war f\u00fcr den European Museum of the Year Award (EMYA) 2024 nominiert!<\/p>\n\n\n\n<p><em>2014-2019 I developed the concept for the permanent exhibition of a new museum in South Tirol, Italy: the <a rel=\"noreferrer noopener\" href=\"https:\/\/www.villafreischuetz.org\/en\/category\/news-from-the-villa-freischuetz\/\" target=\"_blank\">Villa Freisch\u00fctz<\/a>. Now where this historical house museum is opened, I am responsible for its exhibition and research programme<\/em>.<em> The Villa Freisch\u00fctz was nominated by the way for the European Museum of the Year Award (EMYA) 2024!<\/em><\/p>\n\n\n\n<p>Unter anderem arbeitete ich f\u00fcr das Museumsdorf Cloppenburg &#8211; Nieders\u00e4chsisches Freilichtmuseum und das Anne Franz Zentrum, Berlin. Dort leitete ich den Bereich Wanderausstellungen. Mehr zu meinen Projekten findet Ihr <a href=\"http:\/\/exhibition-telling.com\/?page_id=963\">hier<\/a>.<\/p>\n\n\n\n<p><em>Among others I worked for the Museumsdorf Cloppenburg &#8211; Nieders\u00e4chsisches Freilichtmuseum and the Anne Franz Zentrum, Berlin.<\/em> I was head of the traveling exhibitions department there. You can find out more about my projects <a href=\"http:\/\/exhibition-telling.com\/?page_id=963\">here<\/a>.<\/p>\n\n\n\n<hr class=\"wp-block-separator has-text-color has-background has-vivid-cyan-blue-background-color has-vivid-cyan-blue-color is-style-wide\"\/>\n\n\n\n<p>Eine inklusive, wertsch\u00e4tzende Museumsarbeit liegt mir besonders am Herzen. Deshalb leitete ich eine Arbeitsgruppe zu diesem Thema f\u00fcr die Europa-Region Tirol-S\u00fcdtirol-Trentino. Die Ergebnisse wurden in einer Charta der Museen f\u00fcr nachhaltige Entwicklung ver\u00f6ffentlicht. <\/p>\n\n\n\n<p>Auch sehr am Herzen liegt mir das Projekt W\u00dcRDE<em>MENSCHEN <\/em>des K\u00fcnstlers J\u00f6rg Amonat, das ich seit 2019 begleite.<\/p>\n\n\n\n<p><em>Since social inclusion is close to my heart, I led a working group on this topic for the European region Tyrol-South Tyrol-Trentino.<\/em> <em>The results were published (in German and Italian) in a charter on museums and sustainability.<\/em> <\/p>\n\n\n\n<p><em>The W\u00dcRDEMENSCHEN project by artist J\u00f6rg Amonat, which I have been supporting since 2019, is also very close to my heart.<\/em><\/p>\n","protected":false},"excerpt":{"rendered":"<p>Dr. Ariane Karbe: Ausstellungsdramaturgin \/ Curatorial storyteller Museen k\u00f6nnen wundervolle Orte sein: inspirierend, irritierend, heilsam. Ich bin \u00fcberzeugt davon: dieser Schatz geh\u00f6rt uns allen! Alle, die kommen wollen, sollen sich willkommen f\u00fchlen. Ausstellungen als Geschichten zu verstehen, ist ein Schl\u00fcssel dazu. Weil Geschichten f\u00fcr ein breites Publikum nur funktionieren, wenn sie auf Augenh\u00f6he erz\u00e4hlt werden,&hellip; <a class=\"more-link\" href=\"http:\/\/exhibition-telling.com\/?page_id=493\">Weiterlesen <span class=\"screen-reader-text\">\u00dcber\/About<\/span> <span class=\"meta-nav\" aria-hidden=\"true\">&rarr;<\/span><\/a><\/p>\n","protected":false},"author":1,"featured_media":0,"parent":0,"menu_order":0,"comment_status":"closed","ping_status":"closed","template":"","meta":[],"_links":{"self":[{"href":"http:\/\/exhibition-telling.com\/index.php?rest_route=\/wp\/v2\/pages\/493"}],"collection":[{"href":"http:\/\/exhibition-telling.com\/index.php?rest_route=\/wp\/v2\/pages"}],"about":[{"href":"http:\/\/exhibition-telling.com\/index.php?rest_route=\/wp\/v2\/types\/page"}],"author":[{"embeddable":true,"href":"http:\/\/exhibition-telling.com\/index.php?rest_route=\/wp\/v2\/users\/1"}],"replies":[{"embeddable":true,"href":"http:\/\/exhibition-telling.com\/index.php?rest_route=%2Fwp%2Fv2%2Fcomments&post=493"}],"version-history":[{"count":102,"href":"http:\/\/exhibition-telling.com\/index.php?rest_route=\/wp\/v2\/pages\/493\/revisions"}],"predecessor-version":[{"id":1113,"href":"http:\/\/exhibition-telling.com\/index.php?rest_route=\/wp\/v2\/pages\/493\/revisions\/1113"}],"wp:attachment":[{"href":"http:\/\/exhibition-telling.com\/index.php?rest_route=%2Fwp%2Fv2%2Fmedia&parent=493"}],"curies":[{"name":"wp","href":"https:\/\/api.w.org\/{rel}","templated":true}]}}

Über/About

<h3 class="has-luminous-vivid-orange-color has-text-color">Dr. Ariane Karbe: Ausstellungsdramaturgin / Curatorial storyteller</h3>



<p class="has-normal-font-size">Museen können wundervolle Orte sein: inspirierend, irritierend, heilsam. Ich bin überzeugt davon: dieser Schatz gehört uns allen! Alle, die kommen wollen, sollen sich willkommen fühlen. Ausstellungen als Geschichten zu verstehen, ist ein Schlüssel dazu. Weil Geschichten für ein breites Publikum nur funktionieren, wenn sie auf Augenhöhe erzählt werden, berührend und spannend sind. </p>



<p><em>Museums can be wonderful places: inspiring, thought-provoking, even healing. I firmly believe this treasure belongs to all of us! Everyone who wants to come should feel welcome. Understanding exhibitions as stories is key to this. Because stories only resonate with a broad audience when they are told on equal terms—touching and engaging.</em></p>



<p>Ich möchte Euch Ausstellungsmacher:innen und Von-Museen-als-inklusivere-Orte-Träumende unterstützen, die Geschichten zu erzählen, die Ihr <strong>wirklich</strong> erzählen wollt. Mit meiner Beratung nehmt Ihr Hürde für Hürde: wie ein Held oder eine Heldin in einem Hollywoodfilm. Ich helfe Euch dabei, den Kern des Themas herauszuarbeiten und diesen Fokus durch den gesamten komplexen Produktionsprozess zu halten. Bis zum letzten Text. Bis zum Happy End. </p>



<p><em>I want to support you &#8211; exhibition makers and dreamers of more inclusive museums</em> &#8211;<em> in telling the stories you <strong>truly</strong> want to tell. With my guidance, you&#8217;ll overcome hurdle after hurdle—like a hero or  in a Hollywood movie. I’ll help you uncover the core of your topic and maintain that focus throughout the entire complex production process. Right up to the final text. Right up to the happy ending.</em></p>



<figure class="wp-block-image size-large"><a href="http://exhibition-telling.com/wp-content/uploads/2023/02/Ariane_Karbe_1.jpeg"><img loading="lazy" width="1024" height="768" src="http://exhibition-telling.com/wp-content/uploads/2023/02/Ariane_Karbe_1-1024x768.jpeg" alt="Me reading my book in front of a museum" class="wp-image-768" srcset="http://exhibition-telling.com/wp-content/uploads/2023/02/Ariane_Karbe_1-1024x768.jpeg 1024w, http://exhibition-telling.com/wp-content/uploads/2023/02/Ariane_Karbe_1-300x225.jpeg 300w, http://exhibition-telling.com/wp-content/uploads/2023/02/Ariane_Karbe_1-768x576.jpeg 768w, http://exhibition-telling.com/wp-content/uploads/2023/02/Ariane_Karbe_1-1536x1152.jpeg 1536w, http://exhibition-telling.com/wp-content/uploads/2023/02/Ariane_Karbe_1-1088x816.jpeg 1088w, http://exhibition-telling.com/wp-content/uploads/2023/02/Ariane_Karbe_1.jpeg 1700w" sizes="(max-width: 1024px) 100vw, 1024px" /></a></figure>



<p class="has-black-color has-text-color">Hier könnt Ihr ein Interview mit mir über spannende(re) Ausstellungen hören:</p>



<p class="has-black-color has-text-color"><em>Here&#8217;s an interview (in German) with me where I talk about exciting—and more inclusive—exhibitions:.</em></p>



<figure class="wp-block-audio aligncenter"><audio controls src="http://exhibition-telling.com/wp-content/uploads/2023/06/RAI_Karbe_Interview_280423-1.mp3"></audio></figure>



<p class="has-small-font-size">Rai Südtirol Radiomagazin: Kultur am Freitag vom 28. April 2023 mit Nina Schröder; Interview: Elisa Tappeiner</p>



<hr class="wp-block-separator has-text-color has-background has-vivid-cyan-blue-background-color has-vivid-cyan-blue-color is-style-wide"/>



<h3 class="has-luminous-vivid-orange-color has-text-color">Bio</h3>



<p>Ich studierte Ethnologie und Komparatistik an der Universität Bayreuth und promovierte in Museumswissenschaften an der University of Leicester. Im Rahmen meiner Dissertation erforschte ich, ob es möglich ist, von Hollywood zu lernen, um spannende Ausstellungen zu erzählen. Die Ergebnisse sind im Dezember 2022 als <a href="http://exhibition-telling.com/?page_id=691">Buch</a> erschienen. </p>



<p><em>I hold an M.A. in Social and Cultural Anthropology (University of Bayreuth) and a PhD in Museum Studies (University of Leicester). My PhD research explored if it is possible to learn from Hollywood in order to narrate suspenseful exhibitions. The results were published as a <a href="http://exhibition-telling.com/?page_id=691">book</a> in December 2022.</em> </p>



<p>An der Filmschule Hamburg-Berlin absolvierte ich eine Ausbildung zur Drehbuchautorin und ich nahm an der Museumsakademie Museion<sup>21</sup> teil. Am Universalmuseum Joanneum war ich Gast des Residenz-Programms.</p>



<p><em>I absolved the training as a scriptwriter at the Filmschool Hamburg Berlin and was a fellow at the museum academy Museion<sup>21</sup>. I took part in the In-Residence program of the Joanneum Universal Museum.</em></p>



<hr class="wp-block-separator has-text-color has-background has-vivid-cyan-blue-background-color has-vivid-cyan-blue-color is-style-wide"/>



<p>2014-2019 entwickelte ich das Konzept für die Dauerausstellung eines neuen Museums in Südtirol: die <a href="https://www.villafreischuetz.org/">Villa Freischütz</a>. Nun, wo dieses historische Hausmuseum eröffnet ist, bin ich für dessen Ausstellungs- und Forschungsprogramm verantwortlich. Übrigens: Die Villa Freischütz war für den European Museum of the Year Award (EMYA) 2024 nominiert!</p>



<p><em>2014-2019 I developed the concept for the permanent exhibition of a new museum in South Tirol, Italy: the <a rel="noreferrer noopener" href="https://www.villafreischuetz.org/en/category/news-from-the-villa-freischuetz/" target="_blank">Villa Freischütz</a>. Now where this historical house museum is opened, I am responsible for its exhibition and research programme</em>.<em> The Villa Freischütz was nominated by the way for the European Museum of the Year Award (EMYA) 2024!</em></p>



<p>Unter anderem arbeitete ich für das Museumsdorf Cloppenburg &#8211; Niedersächsisches Freilichtmuseum und das Anne Franz Zentrum, Berlin. Dort leitete ich den Bereich Wanderausstellungen. Mehr zu meinen Projekten findet Ihr <a href="http://exhibition-telling.com/?page_id=963">hier</a>.</p>



<p><em>Among others I worked for the Museumsdorf Cloppenburg &#8211; Niedersächsisches Freilichtmuseum and the Anne Franz Zentrum, Berlin.</em> I was head of the traveling exhibitions department there. You can find out more about my projects <a href="http://exhibition-telling.com/?page_id=963">here</a>.</p>



<hr class="wp-block-separator has-text-color has-background has-vivid-cyan-blue-background-color has-vivid-cyan-blue-color is-style-wide"/>



<p>Eine inklusive, wertschätzende Museumsarbeit liegt mir besonders am Herzen. Deshalb leitete ich eine Arbeitsgruppe zu diesem Thema für die Europa-Region Tirol-Südtirol-Trentino. Die Ergebnisse wurden in einer Charta der Museen für nachhaltige Entwicklung veröffentlicht. </p>



<p>Auch sehr am Herzen liegt mir das Projekt WÜRDE<em>MENSCHEN </em>des Künstlers Jörg Amonat, das ich seit 2019 begleite.</p>



<p><em>Since social inclusion is close to my heart, I led a working group on this topic for the European region Tyrol-South Tyrol-Trentino.</em> <em>The results were published (in German and Italian) in a charter on museums and sustainability.</em> </p>



<p><em>The WÜRDEMENSCHEN project by artist Jörg Amonat, which I have been supporting since 2019, is also very close to my heart.</em></p>

<p>Dr. Ariane Karbe: Ausstellungsdramaturgin / Curatorial storyteller Museen können wundervolle Orte sein: inspirierend, irritierend, heilsam. Ich bin überzeugt davon: dieser Schatz gehört uns allen! Alle, die kommen wollen, sollen sich willkommen fühlen. Ausstellungen als Geschichten zu verstehen, ist ein Schlüssel dazu. Weil Geschichten für ein breites Publikum nur funktionieren, wenn sie auf Augenhöhe erzählt werden,&hellip; <a class="more-link" href="http://exhibition-telling.com/?page_id=493">Weiterlesen <span class="screen-reader-text">Über/About</span> <span class="meta-nav" aria-hidden="true">&rarr;</span></a></p>
